 is the units digit of t?
8
What is the units digit of 24*(16/3 - 3)?
6
Let c(w) = -w**3 - w**2 + 2*w - 2. Let n be c(-3). Let v = -6 + n. What is the units digit of v?
4
Let j = -115 - -127. What is the tens digit of j?
1
Suppose -s - m - 5 = -2*m, 2*s - 3*m = -13. Suppose 0*t = 2*t + 2. What is the units digit of (4 - 2)*t/s?
1
Let m(d) = -4*d - 16. What is the units digit of m(-11)?
8
Let r(s) = -7*s**3 - 3*s**2 - 5*s - 8. What is the hundreds digit of r(-3)?
1
Let y = -10 + 4. What is the tens digit of (-2)/y + (-56)/(-3)?
1
What is the tens digit of (115/25 - 5) + 674/10?
6
Let a(c) = 27*c - 1. Let x be a(1). Suppose 3*i = -z + 10, -5*z = -2*z + 5*i - x. What is the units digit of z?
7
Suppose -4*k = 2*l + l, -4*k - 24 = -3*l. Let y be (-2)/8 + (-14)/8. What is the units digit of (y - 7/k)*3?
1
What is the tens digit of 6*1/8 + 733/4?
8
Let i(h) = -h**3 - 4*h**2 - 2*h. What is the units digit of i(-5)?
5
Suppose -4*g = 2*u - 86, 2*g - u = 34 + 19. What is the units digit of g?
4
Let u be (0*3/6)/(-2). Suppose u = -4*w + 16. What is the units digit of w?
4
Let p be 58/7 - (-2)/(-7). Suppose p = h - 2. What is the units digit of h?
0
Suppose -k - 5*h = -288, 3*h + h = -2*k + 594. What is the hundreds digit of k?
3
Let z(v) = -v**3 - 8*v**2 - 6*v - 12. Let d be z(-8). Let b = -25 + d. What is the units digit of b?
1
Let b = 170 + -155. What is the units digit of b?
5
Let j = 1 - 1. Suppose j = n - 2 - 1. What is the units digit of n?
3
Suppose -9 = -6*r + 3*r. Let l(t) = -r*t - t + 4 + 3*t + 2*t. What is the units digit of l(3)?
7
Suppose -5*p + 112 = -233. What is the tens digit of p?
6
Let c = 95 - 58. What is the units digit of c?
7
Let p(t) = t**3 + 2*t**2 - t - 2. Let g be p(-2). Let d be (g + 3)/((-3)/(-2)). Suppose -d*q = -3 - 7. What is the units digit of q?
5
Suppose -g + 83 = -10. What is the units digit of g?
3
What is the tens digit of (-9988)/(-28) + 2/(-7)*-1?
5
Suppose -9 = -z - i, 0*i = -5*z + i + 45. Suppose 0 = -a + 1 + z. What is the tens digit of a?
1
Let v = 2 + 0. What is the units digit of ((-5)/3)/(v/(-18))?
5
Let m = -4 - -5. Let u be 7*((-2)/14 - -1). What is the units digit of (9*u/9)/m?
6
Suppose 3*w + 5*p = -4, -5*w + 2*p + 17 = -4*w. Suppose w*m - 55 = 2*m. What is the units digit of m?
1
Let g be 10/(-15) - (-28)/(-3). Let b be (2 - 3)*(1 - g). Let r = 4 - b. What is the tens digit of r?
1
Suppose -5*r + 8*a = 3*a - 175, 0 = -5*r + 2*a + 175. What is the tens digit of r?
3
Suppose -4*h = 5*y - 115, -2*h + h + 27 = 3*y. What is the tens digit of h?
3
Suppose y - 6*y = -20. What is the units digit of y?
4
Let p be 2/6 - 16/3. Let h = p - -4. What is the tens digit of 1 + h + (-7 - -21)?
1
Suppose 4*q - 227 = -19. What is the tens digit of q?
5
Suppose -3*r - 15 = 0, 0 = -x + 6*x + 5*r - 140. Suppose -21 = -k - 3*g + 18, -3*g = -k + x. What is the units digit of k?
6
Let b(y) = 5*y**2 - 6. What is the tens digit of b(3)?
3
Suppose 9*d = 1883 - 182. What is the tens digit of d?
8
Suppose -30 = -j + 6*j. Suppose 3*c - 30 = -5*k, 3*c - 5*k - 30 = -0*c. Let z = c - j. What is the units digit of z?
6
Suppose 5 = 3*n + 4*q, 3*n + q + 7 = 3*q. What is the tens digit of (24/(-16))/(n/14)?
2
Suppose i - 1 = -6. What is the units digit of (2/5)/((-1)/i)?
2
Suppose -5*l = -3*u - 37, l - 11 - 6 = 3*u. Let o = 10 - l. Suppose 9*z = 4*z + o. What is the units digit of z?
1
Suppose 0 = 5*d - 2*t + 55, -t = 5*d - 0*t + 55. Let m = 16 + d. What is the units digit of m?
5
Let y = 9 + -4. What is the units digit of (y/2)/(3/12)?
0
What is the units digit of (11 - 15) + 59*1?
5
Let p(k) = 15*k**3 - 2*k**2 + 2*k - 1. Let u be p(1). What is the tens digit of (-42)/u + -1 + 25?
2
Let k = 16 - 0. Suppose i = -3*i + k. Suppose -1 = 3*n - i. What is the units digit of n?
1
Suppose -2*k = 5*w - 177, -w + 51 = 4*k - 276. Suppose 0 = 5*x - k - 104. What is the units digit of x?
7
Let z = -1 + 10. Let d(m) = m**3 - 10*m**2 + 12*m - 11. Let p be d(z). Let j = p - 11. What is the units digit of j?
5
Suppose -w + 0*w + 29 = 0. Let x be (0 + -3)/((-1)/(-4)*-6). Suppose -w + 99 = 5*d - x*r, 4*d - 84 = -4*r. What is the units digit of d?
6
Let o = -5 + 9. Suppose 0 = 2*q - 3*q + o. Suppose -q*a + 90 = 5*u, -6*u + 2*u = -a - 51. What is the tens digit of u?
1
Let z(u) = u**2 - 7*u + 5. What is the units digit of z(12)?
5
Let i(y) = 22*y + 2. Let k be i(3). Suppose -d + 97 = 4*a, 174 = 4*a - 2*d + k. What is the tens digit of a?
2
Suppose 0 = -0*u + u - 7. Let o(k) = k**2 - 5*k - 2. What is the tens digit of o(u)?
1
Suppose 2*s = 6, 2*d - 8 = s - 3. Let c = -3 + d. What is the units digit of c?
1
Suppose 6 = -5*q - 9. Let v(g) = -g**3 - 3*g**2 - 3*g - 1. Let y be v(q). Suppose 5*u - y - 52 = 0. What is the tens digit of u?
1
Let b(j) = -j**2 - 6*j - 5. Let u be b(-4). Let i = u - 1. Let w = 3 - i. What is the units digit of w?
1
Suppose -94 = -4*j - 2*t, -3*j = 3*t - 7 - 59. What is the tens digit of j?
2
What is the tens digit of (62/10)/(14/70)?
3
Let o = 76 + -43. What is the tens digit of o?
3
Let y = 6 + -4. Let k(w) = -1 + 2*w - 6*w + y + w. What is the units digit of k(-4)?
3
Let s(u) = 6*u - 1. Let l(z) = -3*z + 1. Let i(a) = -11*l(a) - 6*s(a). What is the units digit of i(-7)?
6
Let y(f) = f - 1. Let u be y(1). Suppose 4*l + 0*l = u. Suppose 0 = -4*s - 2*a - l*a + 14, 5*s = -2*a + 18. What is the units digit of s?
4
Let v(h) = 7*h**3 - h**2 - 5*h + 1. Let i(a) = 6*a**3 - 2*a**2 - 4*a + 1. Let q(r) = 6*i(r) - 5*v(r). What is the units digit of q(7)?
8
What is the units digit of 27/(-18) - 166/(-4)?
0
Let v be -2 + 2 + 0 + 40. Suppose v = 4*c + c. What is the units digit of (1/2)/(1/c)?
4
Let z(u) = -210*u + 11. What is the hundreds digit of z(-1)?
2
Let z = -16 + 10. Let l(d) = -d**3 - 6*d**2 - 3*d - 5. Let v be l(z). Let j = v - 6. What is the units digit of j?
7
Let m be (-12)/(-24)*2*6. What is the tens digit of (4/m)/((-2)/(-36))?
1
Suppose 17 = 2*n - 5. What is the units digit of n?
1
Let i(s) = -20*s - 3. Let f be i(-2). Let p(l) = -4*l**3 - l. Let j be p(-1). Suppose 1 = -3*z + j*u, 4*z = -u - 0*u + f. What is the units digit of z?
8
Suppose 4*z + 0 = 24. Let w(s) = s - 5. Let y be w(z). What is the units digit of y + -3 + 7 + 0?
5
Let f = 10 - -4. What is the tens digit of f?
1
Suppose -4*h = -3*q + 18, 2*q + 2*h = -2*h - 8. What is the units digit of (-3 + q)/(4/(-68))?
7
Let n(x) = 3*x**3 - 4*x**2 + 9*x + 5. Let v(i) = 3*i**3 - 4*i**2 + 8*i + 4. Let o(j) = -5*n(j) + 6*v(j). What is the units digit of o(2)?
3
Suppose 5*y = 3*y + 22. What is the units digit of y?
1
Let z(g) = g - 8. Let o be z(8). What is the tens digit of ((-15)/(-12) - o)*12?
1
Suppose -4*f + 2*y = 6*y - 156, 0 = -4*f - 5*y + 153. What is the units digit of f?
2
Let a = 3 - -1. What is the tens digit of 12/(((-8)/(-4))/a)?
2
Suppose -4*t + 945 = t. What is the hundreds digit of t?
1
Let m(y) = -y**2 + 10*y - 2. Let z be -1*1 + -5 + 15. Let v be m(z). Let i = 15 - v. What is the units digit of i?
8
Suppose 6*o - 605 = o. What is the hundreds digit of o?
1
Let b be (-34)/(-3) + 4/6. Let v(c) = -c**2 + 12*c - 12. Let f be v(10). Let o = b - f. What is the units digit of o?
4
Let f be (0 - 0)/(-8 + 9). Suppose -3*k = -f*k - 93. What is the units digit of k?
1
Let v(n) = 12*n + 5. What is the tens digit of v(16)?
9
Suppose -3*x = x + 16, -2*f - 3*x + 14 = 0. Let o = f + 1. What is the tens digit of o?
1
Let z = -31 - -48. What is the units digit of z?
7
Let z be -5 - -3 - 1*-72. Let r = -15 + z. What is the units digit of r?
5
Let q(f) = f**3 - 6*f**2 + 12*f - 27. What is the units digit of q(7)?
6
Let i(p) = -4*p**3 - p**2 - 2*p - 1. Let q be i(-1). Suppose -q*d - 4*v + 40 = 0, -4*d + 5 = -d - 2*v. What is the units digit of d?
5
What is the tens digit of 4*47*5/10?
9
Let b(s) = 2*s**3 - s**2 - 4*s + 4. What is the units digit of b(2)?
8
Let n = 18 - 4. What is the units digit of (-2)/(-3)*63/n?
3
Suppose -7*k + 4*k = 2*v - 112, 3*k - 104 = -4*v. What is the tens digit of k?
4
Let t(c) = -4*c - 4. What is the units digit of t(-5)?
6
Suppose 3*v + 8 - 2 = 0. Let a = 8 - v. What is the units digit of a?
0
Let f(n) = n**3 - n**2 + 3*n - 3. Suppose 0*o - 8 = -4*o. What is the units digit of f(o)?
7
Suppose -823 = -4*l + 2*x + 55, -4*l - 4*x + 884 = 0. What is the tens d